and 7387245?
1503
What is the greatest common divisor of 310621302 and 23?
23
Calculate the highest common factor of 7956 and 389997.
153
Calculate the greatest common factor of 576 and 39519.
9
Calculate the highest common factor of 74230 and 253110.
130
Calculate the highest common divisor of 104786565 and 9646.
689
What is the highest common factor of 54634 and 5745830?
926
What is the greatest common factor of 3455518 and 22?
22
What is the highest common factor of 38263 and 483589?
461
Calculate the greatest common factor of 30544 and 287845.
23
What is the greatest common divisor of 16239812 and 52?
4
What is the highest common factor of 4039096 and 456?
152
What is the highest common divisor of 936 and 253836726?
78
What is the highest common divisor of 49 and 436891889?
49
What is the greatest common divisor of 332 and 49222486?
166
Calculate the highest common divisor of 7349090 and 210.
70
Calculate the highest common divisor of 1007320 and 7610.
10
What is the highest common factor of 3069990 and 3234?
462
Calculate the greatest common factor of 11154736 and 80.
16
What is the greatest common factor of 18 and 917649?
9
What is the greatest common factor of 21 and 6701947?
7
Calculate the greatest common factor of 126 and 65762298.
126
What is the greatest common divisor of 655 and 85300?
5
What is the highest common divisor of 422630 and 53066?
26
What is the highest common divisor of 78 and 111149337?
39
Calculate the greatest common divisor of 167108678 and 22.
22
Calculate the greatest common divisor of 135700 and 9476.
92
What is the greatest common factor of 1716 and 2516140?
44
What is the highest common divisor of 94 and 1462405?
47
Calculate the highest common factor of 2828573 and 2871.
319
What is the highest common factor of 189314 and 790340?
1838
What is the greatest common factor of 25274538 and 3186?
3186
What is the greatest common factor of 553 and 75392149?
553
What is the greatest common divisor of 268145942 and 249?
83
Calculate the highest common factor of 768 and 10922752.
256
Calculate the greatest common divisor of 54 and 16067835.
27
Calculate the highest common factor of 6 and 4553763.
3
Calculate the highest common factor of 240419 and 178549.
23
Calculate the highest common divisor of 1755 and 19597032.
351
What is the highest common divisor of 5273792 and 35264?
1216
Calculate the greatest common factor of 4463271 and 3268.
817
What is the greatest common divisor of 12562 and 142087?
11
Calculate the greatest common divisor of 10210395 and 1560.
195
What is the highest common divisor of 1 and 2089316?
1
What is the greatest common divisor of 89337 and 771?
3
Calculate the highest common factor of 877072 and 83230.
574
What is the greatest common divisor of 11 and 72309787?
11
What is the highest common factor of 14167876 and 9696?
404
What is the highest common divisor of 3142 and 1498377383?
1571
Calculate the greatest common factor of 5967040 and 569560.
1160
What is the highest common divisor of 2033760 and 2007?
669
What is the highest common divisor of 3966024 and 600?
24
Calculate the highest common divisor of 19877 and 283569.
143
What is the greatest common divisor of 11388663 and 9?
9
What is the greatest common factor of 1249524 and 93316?
2276
Calculate the highest common divisor of 673627 and 63411.
919
What is the greatest common divisor of 8699592 and 3102?
66
Calculate the greatest common divisor of 13571150 and 47150.
1150
What is the greatest common divisor of 22320 and 8912035?
155
Calculate the greatest common factor of 95 and 509354185.
95
Calculate the highest common factor of 131990 and 3926210.
1970
Calculate the highest common divisor of 1008 and 4217328.
144
Calculate the highest common factor of 212878679 and 247.
247
Calculate the highest common factor of 34554 and 96.
6
Calculate the greatest common divisor of 30150 and 18468.
18
Calculate the greatest common factor of 98 and 143598.
14
What is the highest common divisor of 44829 and 32334?
51
What is the highest common factor of 15612780 and 612?
12
What is the greatest common divisor of 190736253 and 2817?
2817
Calculate the highest common factor of 12210 and 933108.
66
Calculate the highest common divisor of 253541602 and 9961.
1423
Calculate the greatest common divisor of 77 and 10482241.
77
What is the greatest common factor of 591542 and 15841?
217
What is the highest common divisor of 3341 and 132548?
13
What is the highest common factor of 312 and 28968888?
312
Calculate the highest common divisor of 1332 and 46117170.
666
Calculate the greatest common divisor of 74215482 and 704.
22
What is the highest common divisor of 108943456 and 736?
736
What is the greatest common divisor of 11391639 and 73577?
3199
Calculate the greatest common factor of 134625 and 4825.
25
What is the greatest common factor of 1815 and 19872030?
15
What is the highest common factor of 333980 and 14580?
20
Calculate the highest common divisor of 395638957 and 4123.
4123
Calculate the highest common divisor of 22958 and 1616186.
26
Calculate the highest common divisor of 10849092 and 2.
2
What is the highest common divisor of 3321120 and 431460?
1020
Calculate the highest common factor of 284480822 and 34.
34
Calculate the highest common factor of 185696 and 45405988.
3316
Calculate the highest common factor of 12404927 and 1259.
1259
What is the greatest common divisor of 451128 and 24?
24
Calculate the greatest common divisor of 425 and 61793555.
85
What is the highest common factor of 25361 and 360916014?
3623
What is the greatest common factor of 10650 and 41150?
50
What is the greatest common factor of 164357522 and 14?
14
Calculate the greatest common divisor of 1323623 and 791.
7
What is the highest common divisor of 11651512 and 8?
8
Calculate the greatest common divisor of 33432685 and 575.
115
Calculate the highest common divisor of 260 and 2758548.
52
What is the greatest common factor of 2051 and 458521?
7
Calculate the greatest common divisor of 56 and 867678.
14
Calculate the greatest common divisor of 2523 and 2115115.
841
What is the greatest common factor of 33680 and 1446556?
1684
What is the greatest common factor of 3504900 and 265371?
5007
What is the greatest common divisor of 30157006 and 132?
22
What is the greatest common divisor of 825 and 6942045?
165
Calculate the greatest common divisor of 2048 and 8144.
16
Calculate the highest common divisor of 18683 and 327659.
157
What is the greatest common divisor of 96 and 48319408?
16
What is the greatest common divisor of 1562924 and 1320?
44
Calculate the greatest common divisor of 197555675 and 75.
25
What is the highest common factor of 9153 and 521608?
113
Calculate the highest common divisor of 28249908 and 11328.
708
Calculate the highest common factor of 1925232 and 1520.
304
Calculate the highest common factor of 750337189 and 133.
133
Calculate the greatest common factor of 760 and 8964504.
152
What is the greatest common factor of 11533 and 82631?
19
What is the greatest common factor of 6819108 and 612?
204
What is the greatest common divisor of 559 and 80210351?
559
Calculate the greatest common factor of 2150823536 and 491.
491
What is the greatest common divisor of 202242470 and 90?
10
Calculate the highest common divisor of 3596 and 7096.
4
Calculate the greatest common divisor of 3986469 and 213.
3
Calculate the highest common factor of 105 and 20029835.
35
What is the greatest common factor of 4719 and 9537773817?
4719
What is the greatest common factor of 82 and 11444863?
41
Calculate the highest common divisor of 17 and 2810661901.
17
What is the highest common factor of 31374 and 3265704?
54
What is the highest common divisor of 1238015790 and 198?
198
Calculate the highest common factor of 7831313 and 651.
217
What is the highest common divisor of 39 and 100356?
3
Calculate the greatest common divisor of 19 and 332013049.
19
What is the greatest common factor of 1864 and 463994336?
1864
What is the highest common factor of 78766911 and 243?
81
Calculate the highest common divisor of 86779 and 1705473.
1771
Calculate the highest common divisor of 1832290 and 32700.
1090
Calculate the highest common divisor of 17654 and 163436.
182
Calculate the great